et v(a) = y*m(a) + 2*s(a). Determine v(-5).
-14
Let c(y) = y**3 - 5*y**2 - y - 6. Let r be c(6). Suppose 4*h - r - 8 = 0. Let b(t) = t**2 - 10*t + 5. Give b(h).
-11
Let j(g) = 2*g - 1. Let r be j(-2). Let h(s) = -81*s**2 - 141*s - 35. Let y(m) = -19*m**2 - 33*m - 9. Let d(v) = 4*h(v) - 17*y(v). Determine d(r).
3
Suppose 3*c = -j - 4*j + 4, 3*j - 2 = -2*c. Suppose 6 = -5*q + 2*r, -4*q - j*r - 9 = 3. Let l(d) = -d**3 - 4*d**2 - 3*d - 3. What is l(q)?
-5
Let f(h) = 1889 - 1897 + 17*h - 5*h**2 - 49*h. Let o be f(-6). Let w(g) = -g**2 + 7*g - 2. What is w(o)?
10
Let g = -6 + 4. Let b(s) = 5*s**3 + 8*s**2 + 10*s + 9. Let q(d) = -9*d**3 - 15*d**2 - 19*d - 17. Suppose a = -4*a - 30. Let i(w) = a*q(w) - 11*b(w). Give i(g).
11
Suppose 3*m = 2*z - 45, -6*z - 3*m = -2*z - 63. Let u(p) = -2*p + 61. Give u(z).
25
Let q(o) = o**3 + 14*o**2 + o - 146. Let w = 16702 - 16715. Determine q(w).
10
Let o = -116 - -119. Let c(d) = 4*d + 1 - 7*d - o*d. Determine c(-4).
25
Let j(h) = -78*h**2 + 3*h + 2*h - 12 + 0*h - 79*h**2 + 156*h**2. Calculate j(6).
-18
Let h = -2 + 1. Let c(f) = 4*f + 29537*f**3 - f - 3*f - f - 29528*f**3. What is c(h)?
-8
Suppose -3*f + 8*f = -3*r + 161, 2*f - 243 = -5*r. Suppose 10*i = -13 - r. Let s(k) = -k**3 - 6*k**2 - k + 3. Calculate s(i).
9
Let g(d) = -d**3 + 7*d**2 - 7*d - 9. Let l be g(5). Let c be (21/2)/(l/52). Suppose 88*o = c*o - 21. Let m(f) = f**3 - 7*f**2 + f - 5. Determine m(o).
2
Let y(h) = 2*h**2 - 41*h + 96. Let v = -24944 + 24961. Give y(v).
-23
Let r be 0/(4/(-2)*-1). Suppose 4*s = -3*d + 8*d - 1, -d - 5*s + 6 = r. Let c(f) = -18*f**3 + 2*f**2 - 1. Determine c(d).
-17
Let u be (1*(-87)/29)/(6/(-22)). Let d(p) = -5*p + 51. Determine d(u).
-4
Let t = -76 - -79. Let c(y) = 1 - t + y**2 + 6 - 52*y + 55*y. Let d be -4 - (-1)/2*0. Determine c(d).
8
Let g(r) = -r**3 - 9*r**2 - 8*r - 5. Suppose -5*p - 4*u - 151 + 1557 = 0, -2*p - 4*u = -572. Let s = p - 286. Calculate g(s).
-5
Let o(a) = 17200 + 2*a - 8593 - 8609. Let h be -1*(-1)/(-2)*-2. Let s = h + 3. Determine o(s).
6
Let j(r) = -337*r + 17. Let i(k) = 405*k - 15. Let f(v) = -5*i(v) - 6*j(v). What is f(6)?
-45
Let v(i) = -i**3 + 14*i**2 - 19*i - 36. Let l(u) = u**3 + 856*u**2 + 3404*u - 4. Let m be l(-4). Determine v(m).
24
Let t(w) = -w**2 - 42*w - 402. Let i be t(-27). Let m(r) = -i*r + 105*r**2 - 98*r**2 - 6 + 0*r + 2*r + r**3. Let h(k) = -3*k + 2. Let s be h(3). What is m(s)?
1
Let i(h) = -3*h**2 + 22. Let d(q) = 7*q**2 - 162*q + 852. Let n be d(15). Give i(n).
-5
Let b(a) = -a**3 - 2*a**2 + 1. Let n be (-5 + 108/20)*(-30)/(-12). Let c(z) = z**3 - z**2 - z + 1. Let x(o) = n*c(o) + 2*b(o). What is x(-3)?
-12
Suppose -2*y - 12889 = -12877. Let d(m) = m**3 + 6*m**2 + 6*m + 20. What is d(y)?
-16
Let x(r) be the first derivative of -3*r**2/2 + r + 926. Calculate x(-3).
10
Let k(i) be the third derivative of 5*i**4/12 - 13*i**3/3 + 4*i**2 + 21*i. Let o be k(3). Let j(n) = -n + 4*n + 0*n - 1. What is j(o)?
11
Let j(z) = 5*z - 13. Let g be j(4). Suppose g*q - 10*q = -6. Let p(i) = 7*i**3 - 8*i**3 + 2*i + q + 5*i**2 - 4. What is p(5)?
8
Suppose -4*u = -z - 47 + 26, -5*z = -5*u + 30. Let g(p) be the third derivative of p**6/120 - p**5/15 - p**4/6 + 2*p**3/3 - p**2. What is g(u)?
9
Let s(y) = -y**2 + y. Let o(d) = -6*d**2 + 2*d + 5. Let i = -521 - -516. Let q(r) = i*s(r) + o(r). Give q(-5).
-5
Let b(a) = a**2 + 7*a + 12. Suppose 41*g = -504 + 299. Calculate b(g).
2
Let b(s) = s**2 - s + 2. Suppose -43*k = -45*k - 5*w + 7, -1 = -2*k + w. Give b(k).
2
Let n(u) be the third derivative of u**4/12 - 11*u**3/2 + 33*u**2 - 1. Give n(13).
-7
Let w(y) be the second derivative of y**3/6 + 3*y**2/2 + 198*y. Let f(g) = 3 + 3*g + 14 - 10. Let u be f(-5). Give w(u).
-5
Let c(g) be the third derivative of -g**6/360 - g**5/120 + 8*g**3 - 8*g**2 + 3*g. Let q(z) be the first derivative of c(z). What is q(0)?
0
Suppose 9*r + 56 = 22*r + 15*r. Let q(h) = -4 + h - 7*h**2 + 6 - 3. What is q(r)?
-27
Let d(q) be the second derivative of q**4/12 + 7*q**3/6 - 3*q**2/2 - 3*q. Suppose 28*n = 32*n - 224. Let a be -7*(-8)/n + -8 + 1. Determine d(a).
-9
Let u(l) = -4*l + 44. Let g be (5 - -1)/((-70)/(-945)*9). What is u(g)?
8
Let p be (2/(-3) - -1)*(-198 - 21). Let w = p - -70. Let l(o) = 2*o**3 - 5*o - 4*o**2 - o**3 - 4 - 2*o**3 + 0*o**3. Give l(w).
2
Suppose -n - h + 45 = 42, 8 = 4*n + 3*h. Let v(y) = y - 1 + 2 - y**3 + 3*y**3. Determine v(n).
-2
Let l be 5/(0/15 - -5). Let k(f) be the first derivative of -13*f**2/2 - f + 2. Calculate k(l).
-14
Let q(z) be the second derivative of -z**7/140 - z**6/720 + z**5/120 + z**4/12 + 2*z. Let c(w) be the third derivative of q(w). Let i = 1611 + -1610. Give c(i).
-18
Suppose -3*n = h + n - 69, 63 = h + 2*n. Let o = -58 + h. Let y(m) = -26*m - 1. Calculate y(o).
25
Let p(i) = 14*i**3 + 3 - 61*i**3 + 17*i**3 + i + 10*i**3 + 15*i**3 + 2*i**2. What is p(-2)?
49
Suppose -j = -2*a + 27, j - 38 = -10*a + 7*a. Let r(o) = -3*o - 4 + 1 + 6 + 0. Determine r(a).
-36
Suppose 0 = -5*i + 2*d + 31 + 10, 3*d = -3*i + 12. Suppose -i + 1 = -2*w. Let g(a) = a - 2*a + w*a. What is g(-4)?
-8
Let d(z) = z - 9. Let n(x) = -x + 4. Let s(p) = -2*d(p) - 5*n(p). Let v = -67 + 35. Let w = v - -34. Give s(w).
4
Suppose 4*q + 2*c + 42 = -0, -2*c = 2*q + 18. Let f be (-24)/q*(4 + -2). Let s(l) = -2*l**2 - 3*l + 2. Calculate s(f).
-42
Suppose p + 3 = d - 0*p, 0 = -5*p. Let v(b) = b**3 + b. Let y(a) = -2*a**3 + 6*a**2 - 3*a - 8. Let n(h) = d*v(h) + y(h). Determine n(-6).
-8
Let h(c) = c**2 - 7*c - 3. Let i = 202 - 130. Suppose 3*t + 54 + i = 0. Let a be (11/(-22))/(3/t). Determine h(a).
-3
Let g(k) = k**3 - 5*k**2 - 7*k + 6. Let c(j) = -26*j + 6. Suppose -20 = 3*v + 4*h, -2*h = -3*v + 6 + 4. Let d be c(v). Determine g(d).
0
Let z = 129 + -121. Suppose -70 = -z*r + 18*r. Let q(w) be the second derivative of -w**3/3 - 3*w**2 + w. What is q(r)?
8
Suppose -10*k - 609 + 9 = 0. Let a = 65 + k. Let i(r) be the first derivative of r**2/2 + r - 2. What is i(a)?
6
Let p(w) = -7*w**3 - 3*w + 56*w**2 + 0*w + 7 - 31*w**2 + 6*w**3 - 30*w**2. What is p(-4)?
3
Let o(n) be the first derivative of -n**3/3 + 3*n - 503. Suppose 0 = 2*v - 4*b - 12, 5*v + 0*b - 30 = 4*b. Suppose -t - t = -v. What is o(t)?
-6
Let j(q) = q**2 - 13*q + 30. Suppose 4*u - 4*l = 28, 20 = -3*u + 5*u + l. Let x be j(u). Let i(c) = c**3 + 8*c**2 + 8*c - 1. What is i(x)?
23
Let q(v) be the second derivative of -v**4/12 - 3*v**3/2 + 4*v**2 - 34*v. Suppose -22*p - 117 = 103. Give q(p).
-2
Let n be 2/(-9) + (-435651)/(-513). Let l = -841 + n. Let v(r) = -r**2 + 6*r + 4. Determine v(l).
-12
Suppose -5*u + 158 = 58. Let l = u - -12. Suppose 20 = -4*w + l. Let q(g) = g + 1. What is q(w)?
4
Let y(f) = -83*f**2 + 101*f - 106. Let z(j) = 16*j**2 - 19*j + 21. Let p(u) = -4*y(u) - 21*z(u). Give p(-3).
-38
Let k(s) be the third derivative of -s**4/24 - s**3 - 1245*s**2. Calculate k(-4).
-2
Let t(b) = 3*b**3 + 222404*b**2 + 2*b - 222406*b**2 - 2 + 14*b**3 - 2*b**3. What is t(1)?
13
Let j(b) = -b**3 + 71*b**2 - 3*b - 5. Let n(t) = 2*t**3 - 127*t**2 + 5*t + 10. Let y(c) = 9*j(c) + 5*n(c). What is y(0)?
5
Suppose 0 = -17*l + 167 - 116. Let n(b) = -b - 7. Give n(l).
-10
Let o(x) = -15*x**3 - 5*x**2 - 2*x. Let k be (2/(-4))/((-617)/(-1234)). Calculate o(k).
12
Let f(l) = -2 - l**2 + l + 2*l**2 + 16 - 4*l - 11. Determine f(-7).
73
Let u(i) be the second derivative of -1/20*i**5 + 1/3*i**4 + 27*i + 0*i**3 + 0 - 3/2*i**2. Let n(v) = 2*v**2 - 21*v + 13. Let k be n(10). Give u(k).
6
Let o(h) = h**2 + 3. Let t be o(0). Suppose -40 = -10*z - 10. Let y(u) = 61*u - 33*u + u**3 - 32*u + z - u**2. Calculate y(t).
9
Suppose -116*f + 1172 = -112 + 124. Let o(m) be the third derivative of -1/12*m**4 + 0 + 4/3*m**3 + 7*m**2 + 0*m. Calculate o(f).
-12
Suppose -102 = -m - 97. Let l(i) = i**3 - 6*i**2 - 6*i - 2. Let j be l(7). Let p(s) = -1 - s**2 - 3*s + j*s + s + s. Determine p(m).
-6
Suppose 0 = -4*q + 24, 3*c + 676*q = 681*q - 30. Let k(w) = -w**3 - 2*w**2 - 5*w - 3. What is k(c)?
-3
Let n(x) be the second derivative of -x**3/2 + x**2 - 5595*x. Suppose 0 = -2*o - 0*o + 60. Suppose -4*j = -9*j + o. Determine n(j).
-16
Let a(y) = y**3 + 10*y**2 + 10*y + 10. Let c be a(-9). Let x(d) = -92*d + c + 183*d - 89*d + 5. Determine x(-3).
0
Let j = 185 - 216. Let n be 1*-4 + (7 + j)/(-12). Let